{"id":2947,"date":"2023-03-03T17:54:12","date_gmt":"2023-03-03T17:54:12","guid":{"rendered":"https:\/\/www.sirovahrana.rs\/shop\/?post_type=product&#038;p=2947"},"modified":"2024-06-03T12:58:00","modified_gmt":"2024-06-03T12:58:00","slug":"eco-super-blend","status":"publish","type":"product","link":"https:\/\/www.sirovahrana.rs\/shop\/proizvod\/eco-super-blend\/","title":{"rendered":"Eco Super blend"},"content":{"rendered":"<p><img loading=\"lazy\" decoding=\"async\" class=\"aligncenter wp-image-2948 size-full\" src=\"https:\/\/www.sirovahrana.rs\/shop\/wp-content\/uploads\/2023\/03\/ecosuperblendkarakteristike.png\" alt=\"\" width=\"1000\" height=\"610\" srcset=\"https:\/\/www.sirovahrana.rs\/shop\/wp-content\/uploads\/2023\/03\/ecosuperblendkarakteristike.png 1000w, https:\/\/www.sirovahrana.rs\/shop\/wp-content\/uploads\/2023\/03\/ecosuperblendkarakteristike-300x183.png 300w, https:\/\/www.sirovahrana.rs\/shop\/wp-content\/uploads\/2023\/03\/ecosuperblendkarakteristike-768x468.png 768w, https:\/\/www.sirovahrana.rs\/shop\/wp-content\/uploads\/2023\/03\/ecosuperblendkarakteristike-600x366.png 600w\" sizes=\"auto, (max-width: 1000px) 100vw, 1000px\" \/><\/p>\n<div class=\"elementor elementor-2650\" data-elementor-type=\"wp-page\" data-elementor-id=\"2650\">\n<section class=\"elementor-section elementor-top-section elementor-element elementor-element-7059bb7b elementor-section-boxed elementor-section-height-default elementor-section-height-default\" data-id=\"7059bb7b\" data-element_type=\"section\">\n<div class=\"elementor-container elementor-column-gap-default\">\n<div class=\"elementor-column elementor-col-100 elementor-top-column elementor-element elementor-element-54bb8df8\" data-id=\"54bb8df8\" data-element_type=\"column\">\n<div class=\"elementor-widget-wrap elementor-element-populated\">\n<div class=\"elementor-element elementor-element-7b17b080 elementor-position-left elementor-vertical-align-top elementor-widget elementor-widget-image-box\" data-id=\"7b17b080\" data-element_type=\"widget\" data-widget_type=\"image-box.default\">\n<div class=\"elementor-widget-container\">\n<div class=\"elementor-image-box-wrapper\">\n<figure class=\"elementor-image-box-img\"><img loading=\"lazy\" decoding=\"async\" class=\"attachment-thumbnail size-thumbnail wp-image-2653\" src=\"https:\/\/vervita.rs\/wp-content\/uploads\/2022\/07\/motor_100x100.jpg\" sizes=\"auto, (max-width: 100px) 100vw, 100px\" srcset=\"https:\/\/vervita.rs\/wp-content\/uploads\/2022\/07\/motor_100x100.jpg 100w, https:\/\/vervita.rs\/wp-content\/uploads\/2022\/07\/motor_100x100-1x1.jpg 1w, https:\/\/vervita.rs\/wp-content\/uploads\/2022\/07\/motor_100x100-10x10.jpg 10w\" alt=\"\" width=\"100\" height=\"100\" \/><\/figure>\n<div class=\"elementor-image-box-content\">\n<h3 class=\"elementor-image-box-title\">INOVATIVNA TEHNOLOGIJA &#8211; MOTOR BEZ \u010cETKICA<\/h3>\n<p class=\"elementor-image-box-description\">Bez erozije \u010detkica motor ima produ\u017een \u017eivotni vek, najmanje 10 puta du\u017ee od konvencionalnih motora. Motor bez \u010detkica minimalno se zagreva, i tako omogu\u0107ava kontinuirani rad bez pregrevanja.<\/p>\n<\/div>\n<\/div>\n<\/div>\n<\/div>\n<\/div>\n<\/div>\n<\/div>\n<\/section>\n<section class=\"elementor-section elementor-top-section elementor-element elementor-element-f407c4e elementor-section-boxed elementor-section-height-default elementor-section-height-default\" data-id=\"f407c4e\" data-element_type=\"section\">\n<div class=\"elementor-container elementor-column-gap-default\">\n<div class=\"elementor-column elementor-col-100 elementor-top-column elementor-element elementor-element-4e9c5c48\" data-id=\"4e9c5c48\" data-element_type=\"column\">\n<div class=\"elementor-widget-wrap elementor-element-populated\">\n<div class=\"elementor-element elementor-element-32f01946 elementor-position-left elementor-vertical-align-top elementor-widget elementor-widget-image-box\" data-id=\"32f01946\" data-element_type=\"widget\" data-widget_type=\"image-box.default\">\n<div class=\"elementor-widget-container\">\n<div class=\"elementor-image-box-wrapper\">\n<figure class=\"elementor-image-box-img\"><img loading=\"lazy\" decoding=\"async\" class=\"attachment-thumbnail size-thumbnail wp-image-2654\" src=\"https:\/\/vervita.rs\/wp-content\/uploads\/2022\/07\/usteda_energije_100x100.jpg\" sizes=\"auto, (max-width: 100px) 100vw, 100px\" srcset=\"https:\/\/vervita.rs\/wp-content\/uploads\/2022\/07\/usteda_energije_100x100.jpg 100w, https:\/\/vervita.rs\/wp-content\/uploads\/2022\/07\/usteda_energije_100x100-1x1.jpg 1w, https:\/\/vervita.rs\/wp-content\/uploads\/2022\/07\/usteda_energije_100x100-10x10.jpg 10w\" alt=\"\" width=\"100\" height=\"100\" \/><\/figure>\n<div class=\"elementor-image-box-content\">\n<h3 class=\"elementor-image-box-title\">U\u0160TEDA ENERGIJE UZ DO 50% MANJE BUKE<\/h3>\n<p class=\"elementor-image-box-description\">Bez mehani\u010dkog trenja unutar motora, buka se zna\u010dajno smanjuje. Uz to smanjuje potro\u0161nju energije do 40%.<\/p>\n<\/div>\n<\/div>\n<\/div>\n<\/div>\n<\/div>\n<\/div>\n<\/div>\n<\/section>\n<section class=\"elementor-section elementor-top-section elementor-element elementor-element-59521df4 elementor-section-boxed elementor-section-height-default elementor-section-height-default\" data-id=\"59521df4\" data-element_type=\"section\">\n<div class=\"elementor-container elementor-column-gap-default\">\n<div class=\"elementor-column elementor-col-100 elementor-top-column elementor-element elementor-element-2e8eaa38\" data-id=\"2e8eaa38\" data-element_type=\"column\">\n<div class=\"elementor-widget-wrap elementor-element-populated\">\n<div class=\"elementor-element elementor-element-4d29b49f elementor-position-left elementor-vertical-align-top elementor-widget elementor-widget-image-box\" data-id=\"4d29b49f\" data-element_type=\"widget\" data-widget_type=\"image-box.default\">\n<div class=\"elementor-widget-container\">\n<div class=\"elementor-image-box-wrapper\">\n<figure class=\"elementor-image-box-img\"><img loading=\"lazy\" decoding=\"async\" class=\"attachment-thumbnail size-thumbnail wp-image-2655\" src=\"https:\/\/vervita.rs\/wp-content\/uploads\/2022\/07\/touch_sucelje_100x100.jpg\" sizes=\"auto, (max-width: 100px) 100vw, 100px\" srcset=\"https:\/\/vervita.rs\/wp-content\/uploads\/2022\/07\/touch_sucelje_100x100.jpg 100w, https:\/\/vervita.rs\/wp-content\/uploads\/2022\/07\/touch_sucelje_100x100-1x1.jpg 1w, https:\/\/vervita.rs\/wp-content\/uploads\/2022\/07\/touch_sucelje_100x100-10x10.jpg 10w\" alt=\"\" width=\"100\" height=\"100\" \/><\/figure>\n<div class=\"elementor-image-box-content\">\n<h3 class=\"elementor-image-box-title\">LED TOUCH EKRAN<\/h3>\n<p class=\"elementor-image-box-description\">Moderan ekran na dodir s 5 programiranih ciklusa, touch sliderom sa 8 brzina i dugmetom pulse za trenutnu maksimalnu snagu.<\/p>\n<\/div>\n<\/div>\n<\/div>\n<\/div>\n<\/div>\n<\/div>\n<\/div>\n<\/section>\n<section class=\"elementor-section elementor-top-section elementor-element elementor-element-565a8a97 elementor-section-boxed elementor-section-height-default elementor-section-height-default\" data-id=\"565a8a97\" data-element_type=\"section\">\n<div class=\"elementor-container elementor-column-gap-default\">\n<div class=\"elementor-column elementor-col-100 elementor-top-column elementor-element elementor-element-52e475f3\" data-id=\"52e475f3\" data-element_type=\"column\">\n<div class=\"elementor-widget-wrap elementor-element-populated\">\n<div class=\"elementor-element elementor-element-7d903a8d elementor-position-left elementor-vertical-align-top elementor-widget elementor-widget-image-box\" data-id=\"7d903a8d\" data-element_type=\"widget\" data-widget_type=\"image-box.default\">\n<div class=\"elementor-widget-container\">\n<div class=\"elementor-image-box-wrapper\">\n<figure class=\"elementor-image-box-img\"><img loading=\"lazy\" decoding=\"async\" class=\"attachment-thumbnail size-thumbnail wp-image-2656\" src=\"https:\/\/vervita.rs\/wp-content\/uploads\/2022\/07\/posuda_i_noz_100x100.jpg\" sizes=\"auto, (max-width: 100px) 100vw, 100px\" srcset=\"https:\/\/vervita.rs\/wp-content\/uploads\/2022\/07\/posuda_i_noz_100x100.jpg 100w, https:\/\/vervita.rs\/wp-content\/uploads\/2022\/07\/posuda_i_noz_100x100-1x1.jpg 1w, https:\/\/vervita.rs\/wp-content\/uploads\/2022\/07\/posuda_i_noz_100x100-10x10.jpg 10w\" alt=\"\" width=\"100\" height=\"100\" \/><\/figure>\n<div class=\"elementor-image-box-content\">\n<h3 class=\"elementor-image-box-title\">VISOKOKVALITETNI MATERIJALI<\/h3>\n<p class=\"elementor-image-box-description\">BPA free posuda od 2 litre od Tritan materijala, izuzetno je \u010dvrsta i otporna, i podnosi tempereturu do 100\u00b0C. No\u017e od ner\u0111aju\u0107eg \u010delika sa 6 o\u0161trica ubrzava proces blendanja.<\/p>\n<\/div>\n<\/div>\n<\/div>\n<\/div>\n<\/div>\n<\/div>\n<\/div>\n<\/section>\n<section class=\"elementor-section elementor-top-section elementor-element elementor-element-7a0100 elementor-section-boxed elementor-section-height-default elementor-section-height-default\" data-id=\"7a0100\" data-element_type=\"section\">\n<div class=\"elementor-container elementor-column-gap-default\">\n<div class=\"elementor-column elementor-col-100 elementor-top-column elementor-element elementor-element-101b9cfd\" data-id=\"101b9cfd\" data-element_type=\"column\">\n<div class=\"elementor-widget-wrap elementor-element-populated\">\n<div class=\"elementor-element elementor-element-1f7ae16d elementor-position-left elementor-vertical-align-top elementor-widget elementor-widget-image-box\" data-id=\"1f7ae16d\" data-element_type=\"widget\" data-widget_type=\"image-box.default\">\n<div class=\"elementor-widget-container\">\n<div class=\"elementor-image-box-wrapper\">\n<figure class=\"elementor-image-box-img\"><img loading=\"lazy\" decoding=\"async\" class=\"attachment-thumbnail size-thumbnail wp-image-2657\" src=\"https:\/\/vervita.rs\/wp-content\/uploads\/2022\/07\/garancija_100x100.jpg\" sizes=\"auto, (max-width: 100px) 100vw, 100px\" srcset=\"https:\/\/vervita.rs\/wp-content\/uploads\/2022\/07\/garancija_100x100.jpg 100w, https:\/\/vervita.rs\/wp-content\/uploads\/2022\/07\/garancija_100x100-1x1.jpg 1w, https:\/\/vervita.rs\/wp-content\/uploads\/2022\/07\/garancija_100x100-10x10.jpg 10w\" alt=\"\" width=\"100\" height=\"100\" \/><\/figure>\n<div class=\"elementor-image-box-content\">\n<h3 class=\"elementor-image-box-title\">GARANCIJA<\/h3>\n<p class=\"elementor-image-box-description\">Kao dokaz vrhunskog kvaliteta i trajnosti, garancija na motor i upravlja\u010dku elektroniku za ku\u0107nu upotrebu iznosi punih 7 godina, i \u010dak 2 godine za komercijalnu upotrebu.<\/p>\n<p>&nbsp;<\/p>\n<\/div>\n<\/div>\n<\/div>\n<\/div>\n<\/div>\n<\/div>\n<\/div>\n<\/section>\n<\/div>\n<div class=\"embed-responsive embed-responsive-16by9\"><iframe loading=\"lazy\" title=\"YouTube video player\" src=\"https:\/\/www.youtube.com\/embed\/V3txOlv_XUc\" width=\"700\" height=\"394\" frameborder=\"0\" allowfullscreen=\"allowfullscreen\"><span data-mce-type=\"bookmark\" style=\"display: inline-block; width: 0px; overflow: hidden; line-height: 0;\" class=\"mce_SELRES_start\">\ufeff<\/span><\/iframe><\/div>\n","protected":false},"excerpt":{"rendered":"<p>Eco Super Blend je najnoviji proizvod iz porodice \u010duvenih Blendetec proizvoda. Odlikuje ga moderan ekran, dolazi sa motorom bez \u010detkica, \u0161to mu obezbe\u0111uje ve\u0107u\u00a0 dugotrajnost do 10 puta. Dodatno \u0161tedi energiju i napravljen od vrhunskih materijala.<\/p>\n<p><strong>Snaga:<\/strong>\u00a01000W<br \/>\n<strong>Brzina:<\/strong>\u00a0do 20000rpm<br \/>\n<strong>Dimenzije:<\/strong>\u00a0\u016130 x v49,5 x d20 cm<br \/>\n<strong>Te\u017eina ure\u0111aja:<\/strong>\u00a04,6kg<br \/>\n<strong>Te\u017eina pakiranja:\u00a0<\/strong>7kg<br \/>\n<strong>Radni napon:<\/strong>\u00a0240V\/ 50-60Hz<br \/>\n<strong>Upotreba:<\/strong>\u00a0ku\u0107na i komercijalna<br \/>\n<strong>Du\u017eina kabela:\u00a0<\/strong>110cm bez utika\u010da<br \/>\n<strong>Certifikati:\u00a0<\/strong>CE, GS,RoHS,LFGB,REACH,CB<br \/>\n<strong>Garancija za ku\u0107nu upotrebu:\u00a0<\/strong>7 godina na motor i upravlja\u010dku elektroniku<br \/>\n<strong>Garancija za komercijalnu upotrebu:<\/strong>\u00a02 godine na motor i upravlja\u010dku elektroniku<\/p>\n","protected":false},"featured_media":2950,"comment_status":"open","ping_status":"closed","template":"","meta":{"_monsterinsights_skip_tracking":false,"_monsterinsights_sitenote_active":false,"_monsterinsights_sitenote_note":"","_monsterinsights_sitenote_category":0},"product_brand":[],"product_cat":[101],"product_tag":[175],"class_list":{"0":"post-2947","1":"product","2":"type-product","3":"status-publish","4":"has-post-thumbnail","6":"product_cat-blenderi","7":"product_tag-eco-super-blend","9":"first","10":"outofstock","11":"shipping-taxable","12":"purchasable","13":"product-type-simple"},"jetpack_sharing_enabled":true,"_links":{"self":[{"href":"https:\/\/www.sirovahrana.rs\/shop\/wp-json\/wp\/v2\/product\/2947","targetHints":{"allow":["GET"]}}],"collection":[{"href":"https:\/\/www.sirovahrana.rs\/shop\/wp-json\/wp\/v2\/product"}],"about":[{"href":"https:\/\/www.sirovahrana.rs\/shop\/wp-json\/wp\/v2\/types\/product"}],"replies":[{"embeddable":true,"href":"https:\/\/www.sirovahrana.rs\/shop\/wp-json\/wp\/v2\/comments?post=2947"}],"wp:featuredmedia":[{"embeddable":true,"href":"https:\/\/www.sirovahrana.rs\/shop\/wp-json\/wp\/v2\/media\/2950"}],"wp:attachment":[{"href":"https:\/\/www.sirovahrana.rs\/shop\/wp-json\/wp\/v2\/media?parent=2947"}],"wp:term":[{"taxonomy":"product_brand","embeddable":true,"href":"https:\/\/www.sirovahrana.rs\/shop\/wp-json\/wp\/v2\/product_brand?post=2947"},{"taxonomy":"product_cat","embeddable":true,"href":"https:\/\/www.sirovahrana.rs\/shop\/wp-json\/wp\/v2\/product_cat?post=2947"},{"taxonomy":"product_tag","embeddable":true,"href":"https:\/\/www.sirovahrana.rs\/shop\/wp-json\/wp\/v2\/product_tag?post=2947"}],"curies":[{"name":"wp","href":"https:\/\/api.w.org\/{rel}","templated":true}]}}